{"id":191,"date":"2022-11-08T22:32:37","date_gmt":"2022-11-09T03:32:37","guid":{"rendered":"https:\/\/fundacion-mares-2c1b05.ingress-earth.ewp.live\/?page_id=191"},"modified":"2022-11-09T01:48:40","modified_gmt":"2022-11-09T06:48:40","slug":"programas","status":"publish","type":"page","link":"https:\/\/fundacionmares.org\/fundacionmares\/programas\/","title":{"rendered":"Programas"},"content":{"rendered":"\t\t<div data-elementor-type=\"wp-page\" data-elementor-id=\"191\" class=\"elementor elementor-191\">\n\t\t\t\t\t\t\t\t\t<section class=\"elementor-section elementor-top-section elementor-element elementor-element-701592ef elementor-section-boxed elementor-section-height-default elementor-section-height-default\" data-id=\"701592ef\" data-element_type=\"section\" data-settings=\"{&quot;background_background&quot;:&quot;classic&quot;}\">\n\t\t\t\t\t\t<div class=\"elementor-container elementor-column-gap-default\">\n\t\t\t\t\t<div class=\"elementor-column elementor-col-100 elementor-top-column elementor-element elementor-element-5503d2d9\" data-id=\"5503d2d9\" data-element_type=\"column\">\n\t\t\t<div class=\"elementor-widget-wrap elementor-element-populated\">\n\t\t\t\t\t\t\t\t<div class=\"elementor-element elementor-element-49f1fcb elementor-widget elementor-widget-image\" data-id=\"49f1fcb\" data-element_type=\"widget\" data-widget_type=\"image.default\">\n\t\t\t\t<div class=\"elementor-widget-container\">\n\t\t\t<style>\/*! elementor - v3.7.4 - 31-08-2022 *\/\n.elementor-widget-image{text-align:center}.elementor-widget-image a{display:inline-block}.elementor-widget-image a img[src$=\".svg\"]{width:48px}.elementor-widget-image img{vertical-align:middle;display:inline-block}<\/style>\t\t\t\t\t\t\t\t\t\t\t\t<img loading=\"lazy\" decoding=\"async\" width=\"800\" height=\"334\" src=\"https:\/\/fundacionmares.org\/fundacionmares\/wp-content\/uploads\/2022\/11\/donacion-1024x427.png\" class=\"attachment-large size-large\" alt=\"\" srcset=\"https:\/\/fundacionmares.org\/fundacionmares\/wp-content\/uploads\/2022\/11\/donacion-1024x427.png 1024w, https:\/\/fundacionmares.org\/fundacionmares\/wp-content\/uploads\/2022\/11\/donacion-300x125.png 300w, https:\/\/fundacionmares.org\/fundacionmares\/wp-content\/uploads\/2022\/11\/donacion-768x320.png 768w, https:\/\/fundacionmares.org\/fundacionmares\/wp-content\/uploads\/2022\/11\/donacion-600x250.png 600w, https:\/\/fundacionmares.org\/fundacionmares\/wp-content\/uploads\/2022\/11\/donacion.png 1200w\" sizes=\"auto, (max-width: 800px) 100vw, 800px\" \/>\t\t\t\t\t\t\t\t\t\t\t\t\t\t\t<\/div>\n\t\t\t\t<\/div>\n\t\t\t\t\t<\/div>\n\t\t<\/div>\n\t\t\t\t\t\t\t<\/div>\n\t\t<\/section>\n\t\t\t\t<section class=\"elementor-section elementor-top-section elementor-element elementor-element-3f2e06a elementor-section-boxed elementor-section-height-default elementor-section-height-default\" data-id=\"3f2e06a\" data-element_type=\"section\">\n\t\t\t\t\t\t<div class=\"elementor-container elementor-column-gap-default\">\n\t\t\t\t\t<div class=\"elementor-column elementor-col-100 elementor-top-column elementor-element elementor-element-a4fcab0\" data-id=\"a4fcab0\" data-element_type=\"column\">\n\t\t\t<div class=\"elementor-widget-wrap elementor-element-populated\">\n\t\t\t\t\t\t\t\t<div class=\"elementor-element elementor-element-a6c61cf elementor-widget elementor-widget-heading\" data-id=\"a6c61cf\" data-element_type=\"widget\" data-widget_type=\"heading.default\">\n\t\t\t\t<div class=\"elementor-widget-container\">\n\t\t\t<style>\/*! elementor - v3.7.4 - 31-08-2022 *\/\n.elementor-heading-title{padding:0;margin:0;line-height:1}.elementor-widget-heading .elementor-heading-title[class*=elementor-size-]>a{color:inherit;font-size:inherit;line-height:inherit}.elementor-widget-heading .elementor-heading-title.elementor-size-small{font-size:15px}.elementor-widget-heading .elementor-heading-title.elementor-size-medium{font-size:19px}.elementor-widget-heading .elementor-heading-title.elementor-size-large{font-size:29px}.elementor-widget-heading .elementor-heading-title.elementor-size-xl{font-size:39px}.elementor-widget-heading .elementor-heading-title.elementor-size-xxl{font-size:59px}<\/style><h2 class=\"elementor-heading-title elementor-size-default\">Tu apoyo es sumamente importante para el desarrollo de nuestros programas.<\/h2>\t\t<\/div>\n\t\t\t\t<\/div>\n\t\t\t\t\t<\/div>\n\t\t<\/div>\n\t\t\t\t\t\t\t<\/div>\n\t\t<\/section>\n\t\t\t\t<section class=\"elementor-section elementor-top-section elementor-element elementor-element-14d46c1 elementor-section-boxed elementor-section-height-default elementor-section-height-default\" data-id=\"14d46c1\" data-element_type=\"section\">\n\t\t\t\t\t\t<div class=\"elementor-container elementor-column-gap-default\">\n\t\t\t\t\t<div class=\"elementor-column elementor-col-100 elementor-top-column elementor-element elementor-element-d3cb146\" data-id=\"d3cb146\" data-element_type=\"column\">\n\t\t\t<div class=\"elementor-widget-wrap elementor-element-populated\">\n\t\t\t\t\t\t\t\t<div class=\"elementor-element elementor-element-a522a5f elementor-widget elementor-widget-GiveWP_Form_Grid\" data-id=\"a522a5f\" data-element_type=\"widget\" data-widget_type=\"GiveWP_Form_Grid.default\">\n\t\t\t\t<div class=\"elementor-widget-container\">\n\t\t\t<div class=\"givewp-elementor-widget give-form-grid-shortcode-wrap\">\n\t\t\t<div class=\"give-wrap\"><div class=\"give-grid give-grid--best-fit\">\n<div class=\"give-grid__item\">\n    <a id=\"give-card-199\" onclick=\"return !document.body.classList.contains( 'block-editor-page' )\" class=\"give-card\" href=\"https:\/\/fundacionmares.org\/fundacionmares\/donations\/199\/\">\t\t<div class=\"give-form-grid\" style=\"flex-direction:column\">\n                \n                        <div class='give-form-grid-media'>\n                            <div class='give-card__media'> <img loading=\"lazy\" decoding=\"async\" width=\"1366\" height=\"768\" src=\"https:\/\/fundacionmares.org\/fundacionmares\/wp-content\/uploads\/2022\/11\/banner-1.jpg\" class=\"attachment- size-\" alt=\"\" style=\"height: \" srcset=\"https:\/\/fundacionmares.org\/fundacionmares\/wp-content\/uploads\/2022\/11\/banner-1.jpg 1366w, https:\/\/fundacionmares.org\/fundacionmares\/wp-content\/uploads\/2022\/11\/banner-1-300x169.jpg 300w, https:\/\/fundacionmares.org\/fundacionmares\/wp-content\/uploads\/2022\/11\/banner-1-1024x576.jpg 1024w, https:\/\/fundacionmares.org\/fundacionmares\/wp-content\/uploads\/2022\/11\/banner-1-768x432.jpg 768w, https:\/\/fundacionmares.org\/fundacionmares\/wp-content\/uploads\/2022\/11\/banner-1-600x337.jpg 600w\" sizes=\"auto, (max-width: 1366px) 100vw, 1366px\" \/> <\/div>\n\n                            \n                        <\/div>\n                    \n            <div class=\"give-form-grid-container\">\n                <div class=\"give-form-grid-content\">\n                    \n                    <h3 class=\"give-form-grid-content__title\">Pescando Talentos<\/h3><p class=\"give-form-grid-content__text\">Nuestro objetivo:\r\nBrindar acompa\u00f1amiento desde la pre-inserci\u00f3n hasta la culminaci\u00f3n de la educaci\u00f3n superior a los hijos\/hijas de los beneficiarios de la fundaci\u00f3n. \r\n\r\n\u00bfC\u00f3mo?:\r\nOfreciendo la financiaci\u00f3n acad\u00e9mica para realizaci\u00f3n de talleres de orientaci\u00f3n vocacional, preuniversitario, matr\u00edcula, costo del semestre y manutenci\u00f3n mensual hasta la culminaci\u00f3n del periodo acad\u00e9mico.<\/p>\n                <\/div>\n                                    <div class=\"give-form-grid-progress\">\n                        \n                                            <div class='give-form-grid-progress-bar'>\n                                                    <div class='give-progress-bar' role='progressbar' aria-valuemin='0' aria-valuemax='100' aria-valuenow='0'>\n                                                        <span style='width:0%;background: linear-gradient(180deg, #69b868 0%, #69b868 100%); background-blend-mode: multiply;'><\/span>\n                                                    <\/div>\n                                            <\/div>\n                                                                            <div class=\"form-grid-raised\">\n                                        <div class=\"form-grid-raised__details\">\n                                                   <span class=\"amount\"  data-amounts=\"{\n    &quot;COP&quot;: &quot;0&quot;\n}\">&#036; 0<\/span>\n                                                   <span class=\"goal\" data-amounts=\"{\n    &quot;COP&quot;: 804300000\n}\"><span>of <\/span>&#036; 804.3 mill\u00f3n<\/span>\n                                         <\/div>\n                                        <div class=\"form-grid-raised__details\">\n                                            <span class=\"amount form-grid-raised__details_donations\"> 0<\/span>\n                                            <span class=\"goal\">Donations<\/span>\n                                        <\/div>\n                                <\/div>\n                            <\/div>\n                            <\/div>\n        <\/div>\n    <\/a>\n\t<\/div>\n\n<div class=\"give-grid__item\">\n    <a id=\"give-card-224\" onclick=\"return !document.body.classList.contains( 'block-editor-page' )\" class=\"give-card\" href=\"https:\/\/fundacionmares.org\/fundacionmares\/donations\/199-2\/\">\t\t<div class=\"give-form-grid\" style=\"flex-direction:column\">\n                \n                        <div class='give-form-grid-media'>\n                            <div class='give-card__media'> <img loading=\"lazy\" decoding=\"async\" width=\"1366\" height=\"768\" src=\"https:\/\/fundacionmares.org\/fundacionmares\/wp-content\/uploads\/2022\/11\/banner-2.jpg\" class=\"attachment- size-\" alt=\"\" style=\"height: \" srcset=\"https:\/\/fundacionmares.org\/fundacionmares\/wp-content\/uploads\/2022\/11\/banner-2.jpg 1366w, https:\/\/fundacionmares.org\/fundacionmares\/wp-content\/uploads\/2022\/11\/banner-2-300x169.jpg 300w, https:\/\/fundacionmares.org\/fundacionmares\/wp-content\/uploads\/2022\/11\/banner-2-1024x576.jpg 1024w, https:\/\/fundacionmares.org\/fundacionmares\/wp-content\/uploads\/2022\/11\/banner-2-768x432.jpg 768w, https:\/\/fundacionmares.org\/fundacionmares\/wp-content\/uploads\/2022\/11\/banner-2-600x337.jpg 600w\" sizes=\"auto, (max-width: 1366px) 100vw, 1366px\" \/> <\/div>\n\n                            \n                        <\/div>\n                    \n            <div class=\"give-form-grid-container\">\n                <div class=\"give-form-grid-content\">\n                    \n                    <h3 class=\"give-form-grid-content__title\">Viste La Pesca<\/h3><p class=\"give-form-grid-content__text\">Nuestro objetivo:\r\nEnfocar nuestra gesti\u00f3n en los m\u00e1s vulnerables, aumentando el acceso a los recursos y contribuyendo a la soluci\u00f3n de la necesidad b\u00e1sica (vestido) de las comunidades dedicadas a la pesca artesanal colombiana.\r\n\r\n\u00bfC\u00f3mo?:\r\nMediante la consecuci\u00f3n, recepci\u00f3n y distribuci\u00f3n de prendas de vestir y\/o recursos econ\u00f3micos, trabajando bajo la estrategia de econom\u00eda circular.<\/p>\n                <\/div>\n                                    <div class=\"give-form-grid-progress\">\n                        \n                                            <div class='give-form-grid-progress-bar'>\n                                                    <div class='give-progress-bar' role='progressbar' aria-valuemin='0' aria-valuemax='100' aria-valuenow='0'>\n                                                        <span style='width:0%;background: linear-gradient(180deg, #69b868 0%, #69b868 100%); background-blend-mode: multiply;'><\/span>\n                                                    <\/div>\n                                            <\/div>\n                                                                            <div class=\"form-grid-raised\">\n                                        <div class=\"form-grid-raised__details\">\n                                                   <span class=\"amount\"  data-amounts=\"{\n    &quot;COP&quot;: &quot;0&quot;\n}\">&#036; 0<\/span>\n                                                   <span class=\"goal\" data-amounts=\"{\n    &quot;COP&quot;: 89000000\n}\"><span>of <\/span>&#036; 89 mill\u00f3n<\/span>\n                                         <\/div>\n                                        <div class=\"form-grid-raised__details\">\n                                            <span class=\"amount form-grid-raised__details_donations\"> 0<\/span>\n                                            <span class=\"goal\">Donations<\/span>\n                                        <\/div>\n                                <\/div>\n                            <\/div>\n                            <\/div>\n        <\/div>\n    <\/a>\n\t<\/div>\n\n<div class=\"give-grid__item\">\n    <a id=\"give-card-226\" onclick=\"return !document.body.classList.contains( 'block-editor-page' )\" class=\"give-card\" href=\"https:\/\/fundacionmares.org\/fundacionmares\/donations\/199-2-2\/\">\t\t<div class=\"give-form-grid\" style=\"flex-direction:column\">\n                \n                        <div class='give-form-grid-media'>\n                            <div class='give-card__media'> <img loading=\"lazy\" decoding=\"async\" width=\"1366\" height=\"768\" src=\"https:\/\/fundacionmares.org\/fundacionmares\/wp-content\/uploads\/2022\/11\/banner-3.jpg\" class=\"attachment- size-\" alt=\"\" style=\"height: \" srcset=\"https:\/\/fundacionmares.org\/fundacionmares\/wp-content\/uploads\/2022\/11\/banner-3.jpg 1366w, https:\/\/fundacionmares.org\/fundacionmares\/wp-content\/uploads\/2022\/11\/banner-3-300x169.jpg 300w, https:\/\/fundacionmares.org\/fundacionmares\/wp-content\/uploads\/2022\/11\/banner-3-1024x576.jpg 1024w, https:\/\/fundacionmares.org\/fundacionmares\/wp-content\/uploads\/2022\/11\/banner-3-768x432.jpg 768w, https:\/\/fundacionmares.org\/fundacionmares\/wp-content\/uploads\/2022\/11\/banner-3-600x337.jpg 600w\" sizes=\"auto, (max-width: 1366px) 100vw, 1366px\" \/> <\/div>\n\n                            \n                        <\/div>\n                    \n            <div class=\"give-form-grid-container\">\n                <div class=\"give-form-grid-content\">\n                    \n                    <h3 class=\"give-form-grid-content__title\">Olas del Futuro<\/h3><p class=\"give-form-grid-content__text\">Nuestro objetivo:\r\nFortalecer el cumplimiento de los derechos fundamentales de los ni\u00f1os y j\u00f3venes pertenecientes al n\u00facleo familiar de los vinculados.\r\n\r\n\r\n\u00bfC\u00f3mo?:\r\nPromoviendo oportunidades de aprendizaje para todos, gestionando jornadas, talleres y\/o asertorias de relaci\u00f3n a la causa (Esquemas completos de vacunaci\u00f3n del ni\u00f1o, h\u00e1bitos y estilos de vida saludables, lactancia materna, planificaci\u00f3n, motivaci\u00f3n, vocaci\u00f3n, psicolog\u00eda\u2026 entre otros)<\/p>\n                <\/div>\n                                    <div class=\"give-form-grid-progress\">\n                        \n                                            <div class='give-form-grid-progress-bar'>\n                                                    <div class='give-progress-bar' role='progressbar' aria-valuemin='0' aria-valuemax='100' aria-valuenow='0'>\n                                                        <span style='width:0%;background: linear-gradient(180deg, #69b868 0%, #69b868 100%); background-blend-mode: multiply;'><\/span>\n                                                    <\/div>\n                                            <\/div>\n                                                                            <div class=\"form-grid-raised\">\n                                        <div class=\"form-grid-raised__details\">\n                                                   <span class=\"amount\"  data-amounts=\"{\n    &quot;COP&quot;: &quot;0&quot;\n}\">&#036; 0<\/span>\n                                                   <span class=\"goal\" data-amounts=\"{\n    &quot;COP&quot;: 259171160\n}\"><span>of <\/span>&#036; 259.17 mill\u00f3n<\/span>\n                                         <\/div>\n                                        <div class=\"form-grid-raised__details\">\n                                            <span class=\"amount form-grid-raised__details_donations\"> 0<\/span>\n                                            <span class=\"goal\">Donations<\/span>\n                                        <\/div>\n                                <\/div>\n                            <\/div>\n                            <\/div>\n        <\/div>\n    <\/a>\n\t<\/div>\n\n<div class=\"give-grid__item\">\n    <a id=\"give-card-228\" onclick=\"return !document.body.classList.contains( 'block-editor-page' )\" class=\"give-card\" href=\"https:\/\/fundacionmares.org\/fundacionmares\/donations\/199-2-2-2\/\">\t\t<div class=\"give-form-grid\" style=\"flex-direction:column\">\n                \n                        <div class='give-form-grid-media'>\n                            <div class='give-card__media'> <img loading=\"lazy\" decoding=\"async\" width=\"1366\" height=\"768\" src=\"https:\/\/fundacionmares.org\/fundacionmares\/wp-content\/uploads\/2022\/11\/banner-4.jpg\" class=\"attachment- size-\" alt=\"\" style=\"height: \" srcset=\"https:\/\/fundacionmares.org\/fundacionmares\/wp-content\/uploads\/2022\/11\/banner-4.jpg 1366w, https:\/\/fundacionmares.org\/fundacionmares\/wp-content\/uploads\/2022\/11\/banner-4-300x169.jpg 300w, https:\/\/fundacionmares.org\/fundacionmares\/wp-content\/uploads\/2022\/11\/banner-4-1024x576.jpg 1024w, https:\/\/fundacionmares.org\/fundacionmares\/wp-content\/uploads\/2022\/11\/banner-4-768x432.jpg 768w, https:\/\/fundacionmares.org\/fundacionmares\/wp-content\/uploads\/2022\/11\/banner-4-600x337.jpg 600w\" sizes=\"auto, (max-width: 1366px) 100vw, 1366px\" \/> <\/div>\n\n                            \n                        <\/div>\n                    \n            <div class=\"give-form-grid-container\">\n                <div class=\"give-form-grid-content\">\n                    \n                    <h3 class=\"give-form-grid-content__title\">Tibur\u00f3n Mam\u00e1<\/h3><p class=\"give-form-grid-content__text\">Nuestro objetivo:\r\nBrindar los componentes necesarios para motivar a salir adelante a las madres pertenecientes a las familias de los beneficiarios, apuntando a la posibilidad de ganar dinero extra con compromiso y formaci\u00f3n adicional con el fin de mejorar sus oportunidades.\r\n\r\n\r\n\u00bfC\u00f3mo?:\r\nGestionando programas de formaci\u00f3n complementaria, jornadas de aprendizaje de artes\/oficios, asesor\u00edas y\/o recursos econ\u00f3micos para el desarrollo de emprendimientos relacionados o no relacionados con la pesca artesanal colombiana.<\/p>\n                <\/div>\n                                    <div class=\"give-form-grid-progress\">\n                        \n                                            <div class='give-form-grid-progress-bar'>\n                                                    <div class='give-progress-bar' role='progressbar' aria-valuemin='0' aria-valuemax='100' aria-valuenow='0'>\n                                                        <span style='width:0%;background: linear-gradient(180deg, #69b868 0%, #69b868 100%); background-blend-mode: multiply;'><\/span>\n                                                    <\/div>\n                                            <\/div>\n                                                                            <div class=\"form-grid-raised\">\n                                        <div class=\"form-grid-raised__details\">\n                                                   <span class=\"amount\"  data-amounts=\"{\n    &quot;COP&quot;: &quot;0&quot;\n}\">&#036; 0<\/span>\n                                                   <span class=\"goal\" data-amounts=\"{\n    &quot;COP&quot;: 922000000\n}\"><span>of <\/span>&#036; 922 mill\u00f3n<\/span>\n                                         <\/div>\n                                        <div class=\"form-grid-raised__details\">\n                                            <span class=\"amount form-grid-raised__details_donations\"> 0<\/span>\n                                            <span class=\"goal\">Donations<\/span>\n                                        <\/div>\n                                <\/div>\n                            <\/div>\n                            <\/div>\n        <\/div>\n    <\/a>\n\t<\/div>\n\n<div class=\"give-grid__item\">\n    <a id=\"give-card-233\" onclick=\"return !document.body.classList.contains( 'block-editor-page' )\" class=\"give-card\" href=\"https:\/\/fundacionmares.org\/fundacionmares\/donations\/199-2-2-2-2\/\">\t\t<div class=\"give-form-grid\" style=\"flex-direction:column\">\n                \n                        <div class='give-form-grid-media'>\n                            <div class='give-card__media'> <img loading=\"lazy\" decoding=\"async\" width=\"1366\" height=\"768\" src=\"https:\/\/fundacionmares.org\/fundacionmares\/wp-content\/uploads\/2022\/11\/banner-5.jpg\" class=\"attachment- size-\" alt=\"\" style=\"height: \" srcset=\"https:\/\/fundacionmares.org\/fundacionmares\/wp-content\/uploads\/2022\/11\/banner-5.jpg 1366w, https:\/\/fundacionmares.org\/fundacionmares\/wp-content\/uploads\/2022\/11\/banner-5-300x169.jpg 300w, https:\/\/fundacionmares.org\/fundacionmares\/wp-content\/uploads\/2022\/11\/banner-5-1024x576.jpg 1024w, https:\/\/fundacionmares.org\/fundacionmares\/wp-content\/uploads\/2022\/11\/banner-5-768x432.jpg 768w, https:\/\/fundacionmares.org\/fundacionmares\/wp-content\/uploads\/2022\/11\/banner-5-600x337.jpg 600w\" sizes=\"auto, (max-width: 1366px) 100vw, 1366px\" \/> <\/div>\n\n                            \n                        <\/div>\n                    \n            <div class=\"give-form-grid-container\">\n                <div class=\"give-form-grid-content\">\n                    \n                    <h3 class=\"give-form-grid-content__title\">A Mar en Navidad<\/h3><p class=\"give-form-grid-content__text\">Nuestro objetivo:\r\nFortalecer las tradiciones de manera afectiva, teniendo en cuenta que esta fecha es esencial para transmitir valores, normas, estabilidad, autoestima, cultura y sentido de pertenencia a un grupo.\r\n\r\n\r\n\u00bfC\u00f3mo?:\r\nMediante la consecuci\u00f3n, recepci\u00f3n y distribuci\u00f3n de recursos para que un d\u00eda calendario en v\u00edspera de la navidad, los hijos y los adultos mayores del n\u00facleo familiar de los beneficiarios puedan gozar de una jornada de recreaci\u00f3n, refrigerio y entrega de regalos nuevos o usados en perfecto estado.<\/p>\n                <\/div>\n                                    <div class=\"give-form-grid-progress\">\n                        \n                                            <div class='give-form-grid-progress-bar'>\n                                                    <div class='give-progress-bar' role='progressbar' aria-valuemin='0' aria-valuemax='100' aria-valuenow='0'>\n                                                        <span style='width:0%;background: linear-gradient(180deg, #69b868 0%, #69b868 100%); background-blend-mode: multiply;'><\/span>\n                                                    <\/div>\n                                            <\/div>\n                                                                            <div class=\"form-grid-raised\">\n                                        <div class=\"form-grid-raised__details\">\n                                                   <span class=\"amount\"  data-amounts=\"{\n    &quot;COP&quot;: &quot;0&quot;\n}\">&#036; 0<\/span>\n                                                   <span class=\"goal\" data-amounts=\"{\n    &quot;COP&quot;: 56157500\n}\"><span>of <\/span>&#036; 56.16 mill\u00f3n<\/span>\n                                         <\/div>\n                                        <div class=\"form-grid-raised__details\">\n                                            <span class=\"amount form-grid-raised__details_donations\"> 0<\/span>\n                                            <span class=\"goal\">Donations<\/span>\n                                        <\/div>\n                                <\/div>\n                            <\/div>\n                            <\/div>\n        <\/div>\n    <\/a>\n\t<\/div>\n<\/div><!-- .give-grid --><div class=\"give-page-numbers\"><span aria-current=\"page\" class=\"page-numbers current\">1<\/span>\n<a class=\"page-numbers\" href=\"https:\/\/fundacionmares.org\/fundacionmares\/wp-json\/wp\/v2\/pages\/191\/page\/2\/\">2<\/a>\n<a class=\"next page-numbers\" href=\"https:\/\/fundacionmares.org\/fundacionmares\/wp-json\/wp\/v2\/pages\/191\/page\/2\/\">Siguiente &raquo;<\/a><\/div><\/div><!-- .give-wrap --><\/div>\t\t<\/div>\n\t\t\t\t<\/div>\n\t\t\t\t\t<\/div>\n\t\t<\/div>\n\t\t\t\t\t\t\t<\/div>\n\t\t<\/section>\n\t\t\t\t\t\t\t<\/div>\n\t\t","protected":false},"excerpt":{"rendered":"<p>Tu apoyo es sumamente importante para el desarrollo de nuestros programas. Pescando Talentos Nuestro objetivo: Brindar acompa\u00f1amiento desde la pre-inserci\u00f3n hasta la culminaci\u00f3n de la educaci\u00f3n superior a los hijos\/hijas de los beneficiarios de la fundaci\u00f3n. \u00bfC\u00f3mo?: Ofreciendo la financiaci\u00f3n acad\u00e9mica para realizaci\u00f3n de talleres de orientaci\u00f3n vocacional, preuniversitario, matr\u00edcula, costo del semestre y manutenci\u00f3n [&hellip;]<\/p>\n","protected":false},"author":1,"featured_media":0,"parent":0,"menu_order":0,"comment_status":"closed","ping_status":"closed","template":"elementor_header_footer","meta":{"footnotes":""},"class_list":["post-191","page","type-page","status-publish","hentry"],"_links":{"self":[{"href":"https:\/\/fundacionmares.org\/fundacionmares\/wp-json\/wp\/v2\/pages\/191","targetHints":{"allow":["GET"]}}],"collection":[{"href":"https:\/\/fundacionmares.org\/fundacionmares\/wp-json\/wp\/v2\/pages"}],"about":[{"href":"https:\/\/fundacionmares.org\/fundacionmares\/wp-json\/wp\/v2\/types\/page"}],"author":[{"embeddable":true,"href":"https:\/\/fundacionmares.org\/fundacionmares\/wp-json\/wp\/v2\/users\/1"}],"replies":[{"embeddable":true,"href":"https:\/\/fundacionmares.org\/fundacionmares\/wp-json\/wp\/v2\/comments?post=191"}],"version-history":[{"count":5,"href":"https:\/\/fundacionmares.org\/fundacionmares\/wp-json\/wp\/v2\/pages\/191\/revisions"}],"predecessor-version":[{"id":237,"href":"https:\/\/fundacionmares.org\/fundacionmares\/wp-json\/wp\/v2\/pages\/191\/revisions\/237"}],"wp:attachment":[{"href":"https:\/\/fundacionmares.org\/fundacionmares\/wp-json\/wp\/v2\/media?parent=191"}],"curies":[{"name":"wp","href":"https:\/\/api.w.org\/{rel}","templated":true}]}}